usands digit of 245693936?
3
What is the billions digit of 6467054663?
6
What is the ten millions digit of 986823548?
8
What is the ten thousands digit of 38783036?
8
What is the thousands digit of 4247094164?
4
What is the ten thousands digit of 33119148?
1
What is the millions digit of 1241643616?
1
What is the units digit of 32622366?
6
What is the hundreds digit of 1243025545?
5
What is the billions digit of 1294376332?
1
What is the hundred thousands digit of 112763928?
7
What is the units digit of 1517421092?
2
What is the units digit of 450660176?
6
What is the hundreds digit of 191419265?
2
What is the ten millions digit of 2365317584?
6
What is the thousands digit of 175954865?
4
What is the hundred thousands digit of 291782021?
7
What is the millions digit of 2010474987?
0
What is the ten thousands digit of 1781510170?
1
What is the tens digit of 1675808?
0
What is the units digit of 12368531?
1
What is the hundreds digit of 490105009?
0
What is the tens digit of 544211315?
1
What is the thousands digit of 37826934?
6
What is the hundred thousands digit of 186719606?
7
What is the hundreds digit of 1533710353?
3
What is the millions digit of 1336164765?
6
What is the thousands digit of 664825689?
5
What is the units digit of 26369189?
9
What is the hundred millions digit of 855961772?
8
What is the millions digit of 606580194?
6
What is the millions digit of 40705499?
0
What is the billions digit of 4296808140?
4
What is the hundreds digit of 977190056?
0
What is the hundreds digit of 232104241?
2
What is the hundreds digit of 30798362?
3
What is the ten thousands digit of 39538966?
3
What is the thousands digit of 5353531?
3
What is the thousands digit of 620893621?
3
What is the thousands digit of 681451928?
1
What is the units digit of 475429363?
3
What is the millions digit of 254072327?
4
What is the hundreds digit of 36706338?
3
What is the millions digit of 2764945837?
4
What is the millions digit of 116985009?
6
What is the ten thousands digit of 3540565688?
6
What is the ten millions digit of 90172351?
9
What is the hundreds digit of 412666788?
7
What is the tens digit of 80736548?
4
What is the ten thousands digit of 278195026?
9
What is the ten millions digit of 428648584?
2
What is the ten millions digit of 246952580?
4
What is the thousands digit of 13785445?
5
What is the ten millions digit of 706645760?
0
What is the tens digit of 671644478?
7
What is the tens digit of 40066921?
2
What is the ten millions digit of 1365842405?
6
What is the millions digit of 11438171?
1
What is the billions digit of 2699752448?
2
What is the units digit of 51426969?
9
What is the hundred thousands digit of 24985099?
9
What is the hundred millions digit of 3398708693?
3
What is the units digit of 9252319?
9
What is the tens digit of 388163178?
7
What is the thousands digit of 10709084?
9
What is the thousands digit of 154758212?
8
What is the tens digit of 300009648?
4
What is the ten millions digit of 77540616?
7
What is the tens digit of 889897544?
4
What is the units digit of 1643846?
6
What is the units digit of 784163931?
1
What is the ten thousands digit of 366901846?
0
What is the ten thousands digit of 39187598?
8
What is the ten thousands digit of 770451?
7
What is the hundreds digit of 198543871?
8
What is the ten thousands digit of 34705535?
0
What is the ten millions digit of 151300372?
5
What is the tens digit of 77288739?
3
What is the hundreds digit of 353386879?
8
What is the tens digit of 25752782?
8
What is the millions digit of 52990936?
2
What is the hundred thousands digit of 4243164178?
1
What is the tens digit of 116323364?
6
What is the hundreds digit of 3522522734?
7
What is the ten thousands digit of 496347622?
4
What is the tens digit of 1596785584?
8
What is the tens digit of 969759398?
9
What is the hundreds digit of 11929533?
5
What is the ten thousands digit of 67425206?
2
What is the hundred millions digit of 100722818?
1
What is the billions digit of 3002487969?
3
What is the hundreds digit of 1883404306?
3
What is the ten thousands digit of 183822232?
2
What is the hundred thousands digit of 51983700?
9
What is the tens digit of 89088540?
4
What is the units digit of 264758069?
9
What is the thousands digit of 1769862566?
2
What is the thousands digit of 161592297?
2
What is the hundred thousands digit of 35538904?
5
What is the ten millions digit of 552360326?
5
What is the hundred thousands digit of 677801959?
8
What is the ten millions digit of 118897146?
1
What is the millions digit of 36273123?
6
What is the units digit of 9221629?
9
What is the units digit of 621129885?
5
What is the tens digit of 1419997461?
6
What is the ten millions digit of 1342748369?
4
What is the units digit of 542219305?
5
What is the units digit of 18603544?
4
What is the hundred thousands digit of 2246270853?
2
What is the millions digit of 282064329?
2
What is the thousands digit of 115174381?
4
What is the millions digit of 212154214?
2
What is the millions digit of 836082276?
6
What is the units digit of 2333344154?
4
What is the hundreds digit of 1955504094?
0
What is the hundred millions digit of 2929605206?
9
What is the tens digit of 49656180?
8
What is the ten millions digit of 98446940?
9
What is the thousands digit of 1861666827?
6
What is the hundred thousands digit of 5790171118?
1
What is the billions digit of 3683890544?
3
What is the ten thousands digit of 315405577?
0
What is the hundred thousands digit of 2541887151?
8
What is the thousands digit of 275710224?
0
What is the hundred millions digit of 492620168?
4
What is the tens digit of 5484765840?
4
What is the ten millions digit of 1315791315?
1
What is the hundred thousands digit of 45419139?
4
What is the units digit of 3292697815?
5
What is the hundred millions digit of 5599400831?
5
What is the hundreds digit of 119771062?
0
What is the thousands digit of 48519311?
9
What is the ten millions digit of 5453466690?
5
What is the ten millions digit of 2667147292?
6
What is the billions digit of 1189801131?
1
What is the units digit of 490778487?
7
What is the hundred millions digit of 711291931?
7
What is the thousands digit of 47018808?
8
What is the units digit of 513367936?
6
What is the ten millions digit of 162521026?
6
What is the ten millions digit of 2043974288?
4
What is the thousands digit of 4218504541?
4
What is the thousands digit of 562389968?
9
What is the ten thousands digit of 32386179?
8
What is the hundred thousands digit of 217023599?
0
What is the ten millions digit of 1722396664?
2
What is the millions digit of 650846868?
0
What is the ten thousands digit of 4666518005?
1
What is the units digit of 4584419110?
0
What is the ten thousands digit of 1756111034?
1
What is the ten thousands digit of 1468339913?
3
What is the units digit of 779113482?
2
What is the millions digit of 572600837?
2
What is the hundred millions digit of 1908936659?
9
What is the hundred thousands digit of 70116020?
1
What is the units digit of 941270785?
5
What is the units digit of 3465616?
6
What is the ten thousands digit of 3482428115?
2
What is the thousands digit of 77547897?
7
What is the hundred thousands digit of 240083460?
0
What is the tens digit of 115275958?
5
What is the tens digit of 113963740?
4
What is the hundred thousands digit of 1273289443?
2
What is the tens digit of 171283527?
2
What is the millions digit of 2351284122?
1
What is the ten thousands digit of 32144060?
4
What is the thousands digit of 7344401?
4
What is the units digit of 1242911694?
4
What is the thousands digit of 403675732?
5
What is the tens digit of 544800038?
3
What is the hundreds digit of 1007588009?
0
What is the hundred thousands digit of 4606102719?
1
What is the millions digit of 18116548?
8
What is the hundred millions digit of 3031345464?
0
What is the ten millions digit of 489653483?
8
What is the millions digit of 154534692?
4
What is the tens digit of 152465351?
5
What is the millions digit of 2392922878?
2
What is the billions digit of 2172588570?
2
What is the ten thousands digit of 3740750082?
5
What is the millions digit of 5892502911?
2
What is the ten thousands digit of 488912671?
1
What is the ten millions digit of 20369512?
2
What is the hun